224 and 6496?
224
Calculate the highest common factor of 8 and 15192.
8
Calculate the highest common factor of 11948 and 22969.
103
What is the greatest common divisor of 162448 and 52?
52
What is the highest common divisor of 80 and 3446760?
40
Calculate the greatest common divisor of 48654 and 4266.
54
What is the highest common divisor of 19809 and 4836?
93
Calculate the highest common factor of 396334 and 106.
106
Calculate the greatest common divisor of 153 and 420325.
17
Calculate the greatest common divisor of 25 and 24575.
25
What is the highest common divisor of 340 and 28460?
20
Calculate the greatest common divisor of 7021 and 2773.
59
Calculate the greatest common divisor of 2180 and 46220.
20
What is the greatest common divisor of 19 and 11267?
19
What is the greatest common factor of 2178 and 26532?
198
What is the greatest common divisor of 4488 and 24?
24
Calculate the greatest common divisor of 38 and 107977.
19
Calculate the greatest common divisor of 42928 and 64.
16
Calculate the greatest common factor of 770994 and 72.
18
Calculate the highest common divisor of 23711 and 262.
131
Calculate the highest common factor of 3426621 and 66.
33
Calculate the highest common factor of 22372 and 1786.
94
Calculate the greatest common factor of 1007 and 361.
19
What is the highest common divisor of 4278160 and 424?
424
Calculate the highest common divisor of 83712 and 376.
8
What is the highest common factor of 546 and 81263?
91
Calculate the highest common divisor of 5780 and 20.
20
What is the greatest common divisor of 1700 and 1802?
34
Calculate the greatest common divisor of 22 and 10571.
11
Calculate the highest common factor of 315 and 605.
5
Calculate the highest common factor of 2264056 and 8.
8
What is the highest common divisor of 92450 and 50?
50
What is the greatest common divisor of 64326 and 2769?
213
What is the highest common factor of 550 and 24622950?
550
Calculate the greatest common divisor of 31083 and 117.
39
Calculate the greatest common factor of 68582 and 424.
106
What is the highest common factor of 3280 and 11890?
410
What is the highest common divisor of 168 and 75992?
56
Calculate the highest common divisor of 432403 and 109.
109
Calculate the highest common divisor of 7743 and 17313.
87
Calculate the highest common factor of 19512 and 104606.
542
Calculate the greatest common factor of 222 and 4818.
6
Calculate the greatest common divisor of 27 and 1620558.
9
What is the highest common factor of 4292735 and 15?
5
Calculate the highest common divisor of 1246889 and 7.
7
Calculate the greatest common factor of 250745 and 873.
97
What is the highest common divisor of 594 and 523809?
99
Calculate the highest common divisor of 302795 and 115.
115
Calculate the greatest common divisor of 805 and 10059.
7
Calculate the greatest common divisor of 223537 and 92.
23
What is the highest common factor of 123559 and 3148?
787
What is the greatest common divisor of 477 and 7542?
9
Calculate the highest common divisor of 342 and 2591334.
342
What is the greatest common divisor of 2346 and 425?
17
Calculate the greatest common factor of 59002 and 4.
2
What is the highest common factor of 774 and 162?
18
What is the highest common factor of 3 and 127096?
1
Calculate the highest common divisor of 245289 and 99.
33
Calculate the highest common divisor of 9513 and 1113.
21
Calculate the highest common divisor of 43984 and 116.
4
What is the highest common divisor of 384 and 57216?
384
What is the highest common divisor of 33 and 1291081?
11
What is the greatest common divisor of 5963 and 1958?
89
Calculate the highest common factor of 7261 and 424.
53
What is the greatest common divisor of 145 and 290435?
145
What is the greatest common divisor of 3420 and 1478808?
684
What is the greatest common divisor of 43956 and 12?
12
Calculate the highest common divisor of 2570846 and 894.
298
Calculate the greatest common divisor of 924 and 44913.
33
What is the highest common divisor of 172 and 98?
2
What is the highest common divisor of 326241 and 843?
843
Calculate the greatest common divisor of 68205 and 15.
15
Calculate the highest common divisor of 34952 and 425.
17
Calculate the greatest common divisor of 18 and 3909123.
9
Calculate the greatest common factor of 1456 and 272.
16
What is the highest common factor of 1140 and 1798920?
1140
Calculate the greatest common divisor of 140 and 301616.
28
Calculate the greatest common divisor of 1550 and 41250.
50
What is the greatest common factor of 504928 and 160?
32
What is the highest common factor of 1254 and 14839?
209
What is the greatest common factor of 26245 and 1015?
145
What is the highest common factor of 273 and 6083623?
91
Calculate the highest common factor of 144866 and 452.
226
What is the greatest common divisor of 628310 and 4150?
830
Calculate the greatest common divisor of 770 and 151382.
154
Calculate the highest common factor of 552 and 342.
6
What is the highest common factor of 69250 and 14625?
125
Calculate the greatest common divisor of 20558 and 1623.
541
What is the greatest common factor of 8988 and 84?
84
Calculate the highest common factor of 10 and 2775470.
10
What is the highest common factor of 55 and 228800?
55
Calculate the greatest common factor of 609 and 8442.
21
Calculate the highest common divisor of 18001 and 846.
47
What is the greatest common factor of 67909 and 472?
59
What is the greatest common divisor of 1187139 and 57?
57
What is the greatest common factor of 2110 and 250?
10
What is the highest common divisor of 479805 and 870?
435
What is the highest common factor of 25110 and 82398?
186
What is the highest common divisor of 405711 and 1098?
549
Calculate the greatest common factor of 143520 and 364.
52
Calculate the highest common factor of 2290 and 373728.
458
Calculate the greatest common divisor of 3123 and 189.
9
What is the greatest common divisor of 1771461 and 36?
9
Calculate the highest common divisor of 15 and 28695.
15
Calculate the highest common factor of 80 and 3130.
10
Calculate the greatest common factor of 169 and 26.
13
What is the highest common divisor of 1205 and 225?
5
Calculate the highest common factor of 382734 and 176.
22
What is the greatest common divisor of 684 and 54414?
18
Calculate the greatest common factor of 59248 and 124.
4
What is the greatest common divisor of 1545 and 47277?
309
What is the highest common divisor of 30144 and 1248?
96
What is the highest common divisor of 985 and 1985563?
197
What is the greatest common factor of 36 and 137748?
12
Calculate the highest common divisor of 1017 and 510873.
339
Calculate the greatest common factor of 5 and 63397.
1
What is the highest common factor of 30 and 3784350?
30
What is the greatest common divisor of 470 and 13724?
94
Calculate the highest common divisor of 60 and 20140.
20
Calculate the highest common divisor of 130 and 171145.
65
Calculate the highest common factor of 140 and 644630.
70
Calculate the greatest common factor of 69804 and 468.
36
Calculate the highest common divisor of 3650 and 6351.
73
Calculate the highest common factor of 25 and 22212.
1
Calculate the greatest common factor of 2 and 128162.
2
What is the greatest common factor of 3519 and 17?
17
What is the greatest common factor of 10920 and 1440?
120
What is the highest common factor of 273 and 683319?
273
Calculate the greatest common factor of 640 and 7760.
80
Calculate the greatest common factor of 206094 and 1176.
294
What is the greatest common factor of 8110 and 20?
10
Calculate the greatest common divisor of 1690 and 13455.
65
What is the greatest common factor of 888 and 404484?
444
What is the highest common divisor of 23641 and 658?
47
What is the greatest common divisor of 126 and 471688?
14
What is the highest common divisor of 340 and 915790?
170
What is the highest common factor of 339 and 768?
3
Calculate the highest common divisor of 64 and 152112.
16
Calculate the greatest common divisor of 22416 and 384.
48
What is the greatest common divisor of 36 and 444321?
9
Calculate the highest common divisor of 136752 and 1456.
112
Calculate the greatest common factor of 636 and 2332.
212
Calculate the highest common divisor of 195 and 14130.
15
Calculate 